{"id":573,"date":"2023-01-05T23:25:04","date_gmt":"2023-01-05T22:25:04","guid":{"rendered":"http:\/\/www.artisanat-services.com\/blog\/?page_id=573"},"modified":"2023-01-05T23:30:36","modified_gmt":"2023-01-05T22:30:36","slug":"plombier-debouchage-de-canalisation","status":"publish","type":"page","link":"https:\/\/www.artisanat-services.com\/blog\/plombier-debouchage-de-canalisation\/","title":{"rendered":"Plombier : d\u00e9bouchage de canalisation"},"content":{"rendered":"<h2><span style=\"text-decoration: underline;\">d\u00e9boucher les canalisations<\/span><\/h2>\n<p>Le plombier d\u00e9bouche les canalisations en retirant les obstruants qui bloquent le passage de l&rsquo;eau dans les tuyaux. Ces obstruants peuvent \u00eatre divers et causent souvent des probl\u00e8mes tels que des fuites d&rsquo;eau, des mauvaises odeurs, des inondations, etc. Pour d\u00e9boucher les canalisations, le plombier utilise diff\u00e9rents outils tels que le furet, une pompe \u00e0 pression ou une cam\u00e9ra d&rsquo;inspection.<\/p>\n<p>Il est important de faire appel \u00e0 un plombier professionnel pour ce genre de travail, car cela n\u00e9cessite une certaine expertise et du mat\u00e9riel sp\u00e9cifique. Si vous tentez de d\u00e9boucher vos canalisations sans les comp\u00e9tences et les outils ad\u00e9quats, vous risquez de causer de nouveaux probl\u00e8mes ou m\u00eame d&rsquo;endommager vos tuyaux. Il est \u00e9galement recommand\u00e9 de faire appel \u00e0 un plombier r\u00e9guli\u00e8rement pour maintenir vos canalisations en bon \u00e9tat et \u00e9viter les obstruants. Le nettoyage r\u00e9gulier des canalisations peut vous \u00e9viter de nombreux tracas et vous faire \u00e9conomiser de l&rsquo;argent sur le long terme.<\/p>\n<p><img loading=\"lazy\" class=\"wp-image-1101 aligncenter\" src=\"https:\/\/www.artisanat-services.com\/blog\/wp-content\/uploads\/2018\/06\/sdb1.jpg\" alt=\"\" width=\"666\" height=\"501\" \/><\/p>\n<p>En r\u00e9sum\u00e9, le plombier d\u00e9bouchage de canalisation est un professionnel qualifi\u00e9 qui s&rsquo;occupe de retirer les obstruants bloquant l&rsquo;eau dans les tuyaux. Gr\u00e2ce \u00e0 ses comp\u00e9tences et son mat\u00e9riel sp\u00e9cifique, il est en mesure de d\u00e9boucher efficacement vos canalisations et de vous \u00e9viter de nombreux probl\u00e8mes. N&rsquo;h\u00e9sitez pas \u00e0 faire appel \u00e0 lui pour maintenir vos canalisations en bon \u00e9tat et \u00e9viter les obstruants.<\/p>\n","protected":false},"excerpt":{"rendered":"<p>d\u00e9boucher les canalisations Le plombier d\u00e9bouche les canalisations en retirant les obstruants qui bloquent le passage de l&rsquo;eau dans les tuyaux. Ces obstruants peuvent \u00eatre divers et causent souvent des probl\u00e8mes tels que des fuites d&rsquo;eau, des mauvaises odeurs, des inondations, etc. Pour d\u00e9boucher les canalisations, le plombier utilise diff\u00e9rents outils tels que le furet, [&hellip;]<\/p>\n","protected":false},"author":1,"featured_media":0,"parent":0,"menu_order":0,"comment_status":"closed","ping_status":"open","template":"","meta":[],"yoast_head":"<!-- This site is optimized with the Yoast SEO plugin v14.9 - https:\/\/yoast.com\/wordpress\/plugins\/seo\/ -->\n<title>Plombier : d\u00e9bouchage de canalisation<\/title>\n<meta name=\"robots\" content=\"index, follow, max-snippet:-1, max-image-preview:large, max-video-preview:-1\" \/>\n<link rel=\"canonical\" href=\"https:\/\/www.artisanat-services.com\/blog\/plombier-debouchage-de-canalisation\/\" \/>\n<meta property=\"og:locale\" content=\"fr_FR\" \/>\n<meta property=\"og:type\" content=\"article\" \/>\n<meta property=\"og:title\" content=\"Plombier : d\u00e9bouchage de canalisation\" \/>\n<meta property=\"og:description\" content=\"d\u00e9boucher les canalisations Le plombier d\u00e9bouche les canalisations en retirant les obstruants qui bloquent le passage de l&rsquo;eau dans les tuyaux. Ces obstruants peuvent \u00eatre divers et causent souvent des probl\u00e8mes tels que des fuites d&rsquo;eau, des mauvaises odeurs, des inondations, etc. Pour d\u00e9boucher les canalisations, le plombier utilise diff\u00e9rents outils tels que le furet, [&hellip;]\" \/>\n<meta property=\"og:url\" content=\"https:\/\/www.artisanat-services.com\/blog\/plombier-debouchage-de-canalisation\/\" \/>\n<meta property=\"og:site_name\" content=\"Artisans professionnels plombier serrurier vitrier \u00e9lectricien r\u00e9novation d&#039;appartement\" \/>\n<meta property=\"article:publisher\" content=\"https:\/\/www.facebook.com\/serrurier\" \/>\n<meta property=\"article:modified_time\" content=\"2023-01-05T22:30:36+00:00\" \/>\n<meta property=\"og:image\" content=\"https:\/\/www.artisanat-services.com\/blog\/wp-content\/uploads\/2018\/06\/sdb1.jpg\" \/>\n<script type=\"application\/ld+json\" class=\"yoast-schema-graph\">{\"@context\":\"https:\/\/schema.org\",\"@graph\":[{\"@type\":\"WebSite\",\"@id\":\"https:\/\/www.artisanat-services.com\/blog\/#website\",\"url\":\"https:\/\/www.artisanat-services.com\/blog\/\",\"name\":\"Artisans professionnels plombier serrurier vitrier \\u00e9lectricien r\\u00e9novation d&#039;appartement\",\"description\":\"Des Artisans Specialistes dans chaque Domaine Artisanal\",\"potentialAction\":[{\"@type\":\"SearchAction\",\"target\":\"https:\/\/www.artisanat-services.com\/blog\/?s={search_term_string}\",\"query-input\":\"required name=search_term_string\"}],\"inLanguage\":\"fr-FR\"},{\"@type\":\"ImageObject\",\"@id\":\"https:\/\/www.artisanat-services.com\/blog\/plombier-debouchage-de-canalisation\/#primaryimage\",\"inLanguage\":\"fr-FR\",\"url\":\"https:\/\/www.artisanat-services.com\/blog\/wp-content\/uploads\/2018\/06\/sdb1.jpg\",\"width\":250,\"height\":188},{\"@type\":\"WebPage\",\"@id\":\"https:\/\/www.artisanat-services.com\/blog\/plombier-debouchage-de-canalisation\/#webpage\",\"url\":\"https:\/\/www.artisanat-services.com\/blog\/plombier-debouchage-de-canalisation\/\",\"name\":\"Plombier : d\\u00e9bouchage de canalisation\",\"isPartOf\":{\"@id\":\"https:\/\/www.artisanat-services.com\/blog\/#website\"},\"primaryImageOfPage\":{\"@id\":\"https:\/\/www.artisanat-services.com\/blog\/plombier-debouchage-de-canalisation\/#primaryimage\"},\"datePublished\":\"2023-01-05T22:25:04+00:00\",\"dateModified\":\"2023-01-05T22:30:36+00:00\",\"inLanguage\":\"fr-FR\",\"potentialAction\":[{\"@type\":\"ReadAction\",\"target\":[\"https:\/\/www.artisanat-services.com\/blog\/plombier-debouchage-de-canalisation\/\"]}]}]}<\/script>\n<!-- \/ Yoast SEO plugin. -->","_links":{"self":[{"href":"https:\/\/www.artisanat-services.com\/blog\/wp-json\/wp\/v2\/pages\/573"}],"collection":[{"href":"https:\/\/www.artisanat-services.com\/blog\/wp-json\/wp\/v2\/pages"}],"about":[{"href":"https:\/\/www.artisanat-services.com\/blog\/wp-json\/wp\/v2\/types\/page"}],"author":[{"embeddable":true,"href":"https:\/\/www.artisanat-services.com\/blog\/wp-json\/wp\/v2\/users\/1"}],"replies":[{"embeddable":true,"href":"https:\/\/www.artisanat-services.com\/blog\/wp-json\/wp\/v2\/comments?post=573"}],"version-history":[{"count":4,"href":"https:\/\/www.artisanat-services.com\/blog\/wp-json\/wp\/v2\/pages\/573\/revisions"}],"predecessor-version":[{"id":1416,"href":"https:\/\/www.artisanat-services.com\/blog\/wp-json\/wp\/v2\/pages\/573\/revisions\/1416"}],"wp:attachment":[{"href":"https:\/\/www.artisanat-services.com\/blog\/wp-json\/wp\/v2\/media?parent=573"}],"curies":[{"name":"wp","href":"https:\/\/api.w.org\/{rel}","templated":true}]}}