{"id":42,"date":"2010-01-28T16:26:05","date_gmt":"2010-01-28T15:26:05","guid":{"rendered":"http:\/\/www.artisanat-services.com\/blog\/?page_id=42"},"modified":"2013-01-17T11:23:22","modified_gmt":"2013-01-17T10:23:22","slug":"presentation-de-lenergie-eolienne","status":"publish","type":"page","link":"https:\/\/www.artisanat-services.com\/blog\/presentation-de-lenergie-eolienne\/","title":{"rendered":"L&rsquo;\u00e9nergie \u00e9olienne"},"content":{"rendered":"<h2>l&rsquo;\u00e9nergie \u00e9olienne<\/h2>\n<p>Cette \u00e9nergie est produite par la force exerc\u00e9e par le vent sur les pales d&rsquo;une h\u00e9lice. Cette h\u00e9lice est mont\u00e9e sur un arbre qui peut \u00eatre reli\u00e9 soit \u00e0 des syst\u00e8mes m\u00e9caniques qui servent \u00e0 moudre le grain ou \u00e0 pomper de l&rsquo;eau, soit \u00e0 un g\u00e9n\u00e9rateur qui transforme l&rsquo;\u00e9nergie m\u00e9canique en \u00e9nergie \u00e9lectrique.<\/p>\n<p><span style=\"text-decoration: underline;\">Applications et exemples <\/span><\/p>\n<p>Les moulins \u00e0 vent sont d&rsquo;origine tr\u00e8s ancienne. On pense que des roues \u00e9oliennes rudimentaires furent utilis\u00e9es en Perse (Iran actuel) d\u00e8s le VIIe si\u00e8cle apr\u00e8s J.-C., voire avant. Elles servaient \u00e0 l&rsquo;irrigation des terres cultiv\u00e9es et pour \u00e9craser du grain.<br \/>\nLe moulin \u00e0 vent a connu un grand d\u00e9veloppement en Europe au cours du XIVesi\u00e8cle, en particulier aux Pays-Bas. Outre le meulage du grain et l&rsquo;irrigation des terres agricoles, les moulins \u00e0 vent \u00e9taient utilis\u00e9s pour un grand nombre de t\u00e2ches, allant du pompage de l&rsquo;eau de mer, au sciage du bois, en passant par la fabrication du papier et de l&rsquo;huile ou encore le meulage de divers mat\u00e9riaux.<\/p>\n<p><span style=\"text-decoration: underline;\">int\u00e9r\u00eats et limites <\/span><\/p>\n<div>Les avantages<\/div>\n<div>\n<ul>\n<li>C\u2019est une \u00e9nergie renouvelable<\/li>\n<li>C\u2019est une \u00e9nergie dont l\u2019utilisation ne pollue pas l\u2019atmosph\u00e8re.<\/li>\n<li>Les co\u00fbts d\u2019installation ne sont pas tr\u00e8s \u00e9lev\u00e9s.<\/li>\n<\/ul>\n<p>Les limites<\/p>\n<p>L\u2019\u00e9nergie \u00e9olienne est variable dans le temps. Les petites installations d\u2019\u00e9oliennes utilis\u00e9es en autonome doivent stocker l&rsquo;\u00e9nergie sous forme d&rsquo;accumulateurs qui sont chers si on veut avoir de l\u2019\u00e9lectricit\u00e9 en permanence. En revanche, les installations reli\u00e9es \u00e0 un grand r\u00e9seau \u00e9lectrique sont relay\u00e9es, pendant les p\u00e9riodes sans vent, par les autres sources d&rsquo;\u00e9nergie.<\/p>\n<\/div>\n","protected":false},"excerpt":{"rendered":"<p>l&rsquo;\u00e9nergie \u00e9olienne Cette \u00e9nergie est produite par la force exerc\u00e9e par le vent sur les pales d&rsquo;une h\u00e9lice. Cette h\u00e9lice est mont\u00e9e sur un arbre qui peut \u00eatre reli\u00e9 soit \u00e0 des syst\u00e8mes m\u00e9caniques qui servent \u00e0 moudre le grain ou \u00e0 pomper de l&rsquo;eau, soit \u00e0 un g\u00e9n\u00e9rateur qui transforme l&rsquo;\u00e9nergie m\u00e9canique en \u00e9nergie [&hellip;]<\/p>\n","protected":false},"author":1,"featured_media":0,"parent":0,"menu_order":0,"comment_status":"open","ping_status":"open","template":"","meta":[],"yoast_head":"<!-- This site is optimized with the Yoast SEO plugin v14.9 - https:\/\/yoast.com\/wordpress\/plugins\/seo\/ -->\n<title>L&#039;\u00e9nergie \u00e9olienne<\/title>\n<meta name=\"robots\" content=\"index, follow, max-snippet:-1, max-image-preview:large, max-video-preview:-1\" \/>\n<link rel=\"canonical\" href=\"https:\/\/www.artisanat-services.com\/blog\/presentation-de-lenergie-eolienne\/\" \/>\n<meta property=\"og:locale\" content=\"fr_FR\" \/>\n<meta property=\"og:type\" content=\"article\" \/>\n<meta property=\"og:title\" content=\"L&#039;\u00e9nergie \u00e9olienne\" \/>\n<meta property=\"og:description\" content=\"l&rsquo;\u00e9nergie \u00e9olienne Cette \u00e9nergie est produite par la force exerc\u00e9e par le vent sur les pales d&rsquo;une h\u00e9lice. Cette h\u00e9lice est mont\u00e9e sur un arbre qui peut \u00eatre reli\u00e9 soit \u00e0 des syst\u00e8mes m\u00e9caniques qui servent \u00e0 moudre le grain ou \u00e0 pomper de l&rsquo;eau, soit \u00e0 un g\u00e9n\u00e9rateur qui transforme l&rsquo;\u00e9nergie m\u00e9canique en \u00e9nergie [&hellip;]\" \/>\n<meta property=\"og:url\" content=\"https:\/\/www.artisanat-services.com\/blog\/presentation-de-lenergie-eolienne\/\" \/>\n<meta property=\"og:site_name\" content=\"Artisans professionnels plombier serrurier vitrier \u00e9lectricien r\u00e9novation d&#039;appartement\" \/>\n<meta property=\"article:publisher\" content=\"https:\/\/www.facebook.com\/serrurier\" \/>\n<meta property=\"article:modified_time\" content=\"2013-01-17T10:23:22+00:00\" \/>\n<script type=\"application\/ld+json\" class=\"yoast-schema-graph\">{\"@context\":\"https:\/\/schema.org\",\"@graph\":[{\"@type\":\"WebSite\",\"@id\":\"https:\/\/www.artisanat-services.com\/blog\/#website\",\"url\":\"https:\/\/www.artisanat-services.com\/blog\/\",\"name\":\"Artisans professionnels plombier serrurier vitrier \\u00e9lectricien r\\u00e9novation d&#039;appartement\",\"description\":\"Des Artisans Specialistes dans chaque Domaine Artisanal\",\"potentialAction\":[{\"@type\":\"SearchAction\",\"target\":\"https:\/\/www.artisanat-services.com\/blog\/?s={search_term_string}\",\"query-input\":\"required name=search_term_string\"}],\"inLanguage\":\"fr-FR\"},{\"@type\":\"WebPage\",\"@id\":\"https:\/\/www.artisanat-services.com\/blog\/presentation-de-lenergie-eolienne\/#webpage\",\"url\":\"https:\/\/www.artisanat-services.com\/blog\/presentation-de-lenergie-eolienne\/\",\"name\":\"L'\\u00e9nergie \\u00e9olienne\",\"isPartOf\":{\"@id\":\"https:\/\/www.artisanat-services.com\/blog\/#website\"},\"datePublished\":\"2010-01-28T15:26:05+00:00\",\"dateModified\":\"2013-01-17T10:23:22+00:00\",\"inLanguage\":\"fr-FR\",\"potentialAction\":[{\"@type\":\"ReadAction\",\"target\":[\"https:\/\/www.artisanat-services.com\/blog\/presentation-de-lenergie-eolienne\/\"]}]}]}<\/script>\n<!-- \/ Yoast SEO plugin. -->","_links":{"self":[{"href":"https:\/\/www.artisanat-services.com\/blog\/wp-json\/wp\/v2\/pages\/42"}],"collection":[{"href":"https:\/\/www.artisanat-services.com\/blog\/wp-json\/wp\/v2\/pages"}],"about":[{"href":"https:\/\/www.artisanat-services.com\/blog\/wp-json\/wp\/v2\/types\/page"}],"author":[{"embeddable":true,"href":"https:\/\/www.artisanat-services.com\/blog\/wp-json\/wp\/v2\/users\/1"}],"replies":[{"embeddable":true,"href":"https:\/\/www.artisanat-services.com\/blog\/wp-json\/wp\/v2\/comments?post=42"}],"version-history":[{"count":0,"href":"https:\/\/www.artisanat-services.com\/blog\/wp-json\/wp\/v2\/pages\/42\/revisions"}],"wp:attachment":[{"href":"https:\/\/www.artisanat-services.com\/blog\/wp-json\/wp\/v2\/media?parent=42"}],"curies":[{"name":"wp","href":"https:\/\/api.w.org\/{rel}","templated":true}]}}