{"id":20,"date":"2010-01-27T11:33:55","date_gmt":"2010-01-27T10:33:55","guid":{"rendered":"http:\/\/www.artisanat-services.com\/blog\/?page_id=20"},"modified":"2010-01-27T11:33:55","modified_gmt":"2010-01-27T10:33:55","slug":"la-qualification-a2p-en-serrurerie","status":"publish","type":"page","link":"https:\/\/www.artisanat-services.com\/blog\/services-de-serrurerie-sur-paris-75-et-banlieue\/la-qualification-a2p-en-serrurerie\/","title":{"rendered":"La Qualification A2P en Serrurerie"},"content":{"rendered":"<p>La <strong>Qualification A2P<\/strong> certifie les temps minimaux de r\u00e9sistance d\u2019une<br \/>\nserrure \u00e0 une effraction fine ou destructive. Ainsi, l\u2019application du<br \/>\nvocable A2P \u00e0 un simple cylindre ou canon est abusif et incorrect.<br \/>\nLes serrures sont class\u00e9es en trois cat\u00e9gories (A2P*, A2P**, A2P***)<br \/>\nselon leur temps et leur niveau de r\u00e9sistance aux diff\u00e9rentes techniques<br \/>\nd\u2019effractions.<br \/>\nLa Qualification A2P\u2026<br \/>\nCertification A2P A2P* A2P** A2P***<br \/>\nIRREPRODUCTIBILIT\u00c9 DES CL\u00c9S<br \/>\nExistence de mesures destin\u00e9es \u00e0 \u00e9viter qu\u2019un tiers puisse<br \/>\nobtenir une copie aupr\u00e8s du fabricant<br \/>\nEmballage scell\u00e9 rendant la cl\u00e9 invisible et inaccessible<br \/>\nsauf par effraction laissant des traces<br \/>\nnon oui oui<br \/>\nnon non oui<br \/>\nRESISTANCE MINIMALE AUX METHODES D\u2019OUVERTURE<br \/>\nNON DESTRUCTIVES<br \/>\nPar crochetage-t\u00e2tage au moyen de tout outil<br \/>\n(aiguille et entra\u00eeneur, pistolet, parapluie&#8230;)<br \/>\nRESISTANCE MINIMALE AUX METHODES D\u2019OUVERTURE<br \/>\nDESTRUCTIVES<br \/>\nSciage complet des p\u00eanes<br \/>\nPer\u00e7age de la s\u00fbret\u00e9 et manoeuvre du p\u00eane<br \/>\nRotation en force \u00e0 la main<br \/>\nFusion des mat\u00e9riaux<br \/>\nAttaque du m\u00e9canisme de transmission du mouvement<br \/>\nentre la s\u00fbret\u00e9 et le p\u00eane<br \/>\nCONDITIONS MINIMALES DE RESISTANCE A CERTAINS<br \/>\nMOYENS DESTRUCTIFS<br \/>\nArrachement de la s\u00fbret\u00e9 (force appliqu\u00e9e)<br \/>\nEnfoncement de la s\u00fbret\u00e9 (nombre de coups)<br \/>\nRotation en force du bloc de s\u00fbret\u00e9 (couple appliqu\u00e9)<br \/>\n5 min 10 min 15 min<br \/>\n5 min 10 min 15 min<br \/>\n5 min 10 min 15 min<br \/>\n5 min 10 min 15 min<br \/>\n&#8211; 10 min 15 min<br \/>\n&#8211; 10 min 15 min<br \/>\n400 daN 700 daN 900 daN<br \/>\n10 20 30<br \/>\n60 N.m 80 N.m 100 N.m<br \/>\nTests r\u00e9alis\u00e9s dans des conditions de laboratoires<\/p>\n","protected":false},"excerpt":{"rendered":"<p>La Qualification A2P certifie les temps minimaux de r\u00e9sistance d\u2019une serrure \u00e0 une effraction fine ou destructive. Ainsi, l\u2019application du vocable A2P \u00e0 un simple cylindre ou canon est abusif et incorrect. Les serrures sont class\u00e9es en trois cat\u00e9gories (A2P*, A2P**, A2P***) selon leur temps et leur niveau de r\u00e9sistance aux diff\u00e9rentes techniques d\u2019effractions. La [&hellip;]<\/p>\n","protected":false},"author":1,"featured_media":0,"parent":16,"menu_order":0,"comment_status":"open","ping_status":"open","template":"","meta":[],"yoast_head":"<!-- This site is optimized with the Yoast SEO plugin v14.9 - https:\/\/yoast.com\/wordpress\/plugins\/seo\/ -->\n<title>La Qualification A2P en Serrurerie<\/title>\n<meta name=\"robots\" content=\"index, follow, max-snippet:-1, max-image-preview:large, max-video-preview:-1\" \/>\n<link rel=\"canonical\" href=\"https:\/\/www.artisanat-services.com\/blog\/services-de-serrurerie-sur-paris-75-et-banlieue\/la-qualification-a2p-en-serrurerie\/\" \/>\n<meta property=\"og:locale\" content=\"fr_FR\" \/>\n<meta property=\"og:type\" content=\"article\" \/>\n<meta property=\"og:title\" content=\"La Qualification A2P en Serrurerie\" \/>\n<meta property=\"og:description\" content=\"La Qualification A2P certifie les temps minimaux de r\u00e9sistance d\u2019une serrure \u00e0 une effraction fine ou destructive. Ainsi, l\u2019application du vocable A2P \u00e0 un simple cylindre ou canon est abusif et incorrect. Les serrures sont class\u00e9es en trois cat\u00e9gories (A2P*, A2P**, A2P***) selon leur temps et leur niveau de r\u00e9sistance aux diff\u00e9rentes techniques d\u2019effractions. La [&hellip;]\" \/>\n<meta property=\"og:url\" content=\"https:\/\/www.artisanat-services.com\/blog\/services-de-serrurerie-sur-paris-75-et-banlieue\/la-qualification-a2p-en-serrurerie\/\" \/>\n<meta property=\"og:site_name\" content=\"Artisans professionnels plombier serrurier vitrier \u00e9lectricien r\u00e9novation d&#039;appartement\" \/>\n<meta property=\"article:publisher\" content=\"https:\/\/www.facebook.com\/serrurier\" \/>\n<script type=\"application\/ld+json\" class=\"yoast-schema-graph\">{\"@context\":\"https:\/\/schema.org\",\"@graph\":[{\"@type\":\"WebSite\",\"@id\":\"https:\/\/www.artisanat-services.com\/blog\/#website\",\"url\":\"https:\/\/www.artisanat-services.com\/blog\/\",\"name\":\"Artisans professionnels plombier serrurier vitrier \\u00e9lectricien r\\u00e9novation d&#039;appartement\",\"description\":\"Des Artisans Specialistes dans chaque Domaine Artisanal\",\"potentialAction\":[{\"@type\":\"SearchAction\",\"target\":\"https:\/\/www.artisanat-services.com\/blog\/?s={search_term_string}\",\"query-input\":\"required name=search_term_string\"}],\"inLanguage\":\"fr-FR\"},{\"@type\":\"WebPage\",\"@id\":\"https:\/\/www.artisanat-services.com\/blog\/services-de-serrurerie-sur-paris-75-et-banlieue\/la-qualification-a2p-en-serrurerie\/#webpage\",\"url\":\"https:\/\/www.artisanat-services.com\/blog\/services-de-serrurerie-sur-paris-75-et-banlieue\/la-qualification-a2p-en-serrurerie\/\",\"name\":\"La Qualification A2P en Serrurerie\",\"isPartOf\":{\"@id\":\"https:\/\/www.artisanat-services.com\/blog\/#website\"},\"datePublished\":\"2010-01-27T10:33:55+00:00\",\"dateModified\":\"2010-01-27T10:33:55+00:00\",\"inLanguage\":\"fr-FR\",\"potentialAction\":[{\"@type\":\"ReadAction\",\"target\":[\"https:\/\/www.artisanat-services.com\/blog\/services-de-serrurerie-sur-paris-75-et-banlieue\/la-qualification-a2p-en-serrurerie\/\"]}]}]}<\/script>\n<!-- \/ Yoast SEO plugin. -->","_links":{"self":[{"href":"https:\/\/www.artisanat-services.com\/blog\/wp-json\/wp\/v2\/pages\/20"}],"collection":[{"href":"https:\/\/www.artisanat-services.com\/blog\/wp-json\/wp\/v2\/pages"}],"about":[{"href":"https:\/\/www.artisanat-services.com\/blog\/wp-json\/wp\/v2\/types\/page"}],"author":[{"embeddable":true,"href":"https:\/\/www.artisanat-services.com\/blog\/wp-json\/wp\/v2\/users\/1"}],"replies":[{"embeddable":true,"href":"https:\/\/www.artisanat-services.com\/blog\/wp-json\/wp\/v2\/comments?post=20"}],"version-history":[{"count":0,"href":"https:\/\/www.artisanat-services.com\/blog\/wp-json\/wp\/v2\/pages\/20\/revisions"}],"up":[{"embeddable":true,"href":"https:\/\/www.artisanat-services.com\/blog\/wp-json\/wp\/v2\/pages\/16"}],"wp:attachment":[{"href":"https:\/\/www.artisanat-services.com\/blog\/wp-json\/wp\/v2\/media?parent=20"}],"curies":[{"name":"wp","href":"https:\/\/api.w.org\/{rel}","templated":true}]}}